{"id":1781,"date":"2022-11-18T10:53:02","date_gmt":"2022-11-18T10:53:02","guid":{"rendered":"https:\/\/qafqazkredit.az\/?page_id=1781"},"modified":"2023-08-26T13:56:34","modified_gmt":"2023-08-26T09:56:34","slug":"x%c9%99b%c9%99rl%c9%99r","status":"publish","type":"page","link":"https:\/\/qafqazkredit.az\/en\/x%c9%99b%c9%99rl%c9%99r\/","title":{"rendered":"News"},"content":{"rendered":"<h2 class=\"wp-block-heading has-text-align-left has-luminous-vivid-orange-color has-very-light-gray-to-cyan-bluish-gray-gradient-background has-text-color has-background\">AKT-l\u0259rin qeydiyyat\u0131nda ir\u0259lil\u0259yi\u015f<\/h2>\n\n\n\n<figure class=\"wp-block-table is-style-stripes\"><table><tbody><tr><td>Bak\u0131 \u015f\u0259h\u0259ri, 09.12.2022<\/td><td><\/td><\/tr><\/tbody><\/table><figcaption class=\"wp-element-caption\">BOKT &#8220;Qafqaz-Kredit&#8221; MMC-nin m\u0259sul \u015f\u0259xsi &#8220;Az\u0259rbaycan Mikromaliyy\u0259 Assosiasiyas\u0131&#8221;n\u0131n (AMFA) 08 dekabr 2022-ci il tarixd\u0259 ke\u00e7iril\u0259n illik \u00dcmumi Y\u0131\u011f\u0131nca\u011f\u0131nda (\u00dcY) i\u015ftirak edib. \u00dcY-da AMFA t\u0259r\u0259find\u0259n ail\u0259 k\u0259ndli t\u0259s\u0259rr\u00fcfatlar\u0131n\u0131n (AKT) qeydiyyata al\u0131nmas\u0131nda Az\u0259rbaycan Respublikas\u0131 K\u0259nd T\u0259s\u0259rr\u00fcfat\u0131 Nazirliyi (KTN) il\u0259 dan\u0131\u015f\u0131qlar apar\u0131ld\u0131\u011f\u0131,<\/figcaption><\/figure>\n\n\n\n<div class=\"wp-block-buttons is-content-justification-right is-layout-flex wp-container-core-buttons-is-layout-86a8208c wp-block-buttons-is-layout-flex\">\n<div class=\"wp-block-button is-style-outline is-style-outline--1\"><a class=\"wp-block-button__link has-luminous-vivid-orange-color has-cyan-bluish-gray-background-color has-text-color has-background wp-element-button\" href=\"https:\/\/qafqazkredit.az\/en\/ail%c9%99-k%c9%99ndli-t%c9%99s%c9%99rrufatinin-ucotu\/\">Read more<\/a><\/div>\n<\/div>","protected":false},"excerpt":{"rendered":"<p>AKT-l\u0259rin qeydiyyat\u0131nda ir\u0259lil\u0259yi\u015f Bak\u0131 \u015f\u0259h\u0259ri, 09.12.2022 BOKT &#8220;Qafqaz-Kredit&#8221; MMC-nin m\u0259sul \u015f\u0259xsi &#8220;Az\u0259rbaycan Mikromaliyy\u0259 Assosiasiyas\u0131&#8221;n\u0131n (AMFA) 08 dekabr 2022-ci il tarixd\u0259 ke\u00e7iril\u0259n illik \u00dcmumi Y\u0131\u011f\u0131nca\u011f\u0131nda (\u00dcY) i\u015ftirak edib. \u00dcY-da AMFA t\u0259r\u0259find\u0259n ail\u0259 k\u0259ndli t\u0259s\u0259rr\u00fcfatlar\u0131n\u0131n (AKT) qeydiyyata al\u0131nmas\u0131nda Az\u0259rbaycan Respublikas\u0131 K\u0259nd T\u0259s\u0259rr\u00fcfat\u0131 Nazirliyi (KTN) il\u0259 dan\u0131\u015f\u0131qlar apar\u0131ld\u0131\u011f\u0131,<\/p>","protected":false},"author":1,"featured_media":0,"parent":0,"menu_order":0,"comment_status":"closed","ping_status":"closed","template":"elementor_header_footer","meta":{"footnotes":""},"class_list":["post-1781","page","type-page","status-publish","hentry"],"featured_image_src":null,"_links":{"self":[{"href":"https:\/\/qafqazkredit.az\/en\/wp-json\/wp\/v2\/pages\/1781","targetHints":{"allow":["GET"]}}],"collection":[{"href":"https:\/\/qafqazkredit.az\/en\/wp-json\/wp\/v2\/pages"}],"about":[{"href":"https:\/\/qafqazkredit.az\/en\/wp-json\/wp\/v2\/types\/page"}],"author":[{"embeddable":true,"href":"https:\/\/qafqazkredit.az\/en\/wp-json\/wp\/v2\/users\/1"}],"replies":[{"embeddable":true,"href":"https:\/\/qafqazkredit.az\/en\/wp-json\/wp\/v2\/comments?post=1781"}],"version-history":[{"count":17,"href":"https:\/\/qafqazkredit.az\/en\/wp-json\/wp\/v2\/pages\/1781\/revisions"}],"predecessor-version":[{"id":7713,"href":"https:\/\/qafqazkredit.az\/en\/wp-json\/wp\/v2\/pages\/1781\/revisions\/7713"}],"wp:attachment":[{"href":"https:\/\/qafqazkredit.az\/en\/wp-json\/wp\/v2\/media?parent=1781"}],"curies":[{"name":"wp","href":"https:\/\/api.w.org\/{rel}","templated":true}]}}

<h2 class="wp-block-heading has-text-align-left has-luminous-vivid-orange-color has-very-light-gray-to-cyan-bluish-gray-gradient-background has-text-color has-background">AKT-lərin qeydiyyatında irəliləyiş</h2>



<figure class="wp-block-table is-style-stripes"><table><tbody><tr><td>Bakı şəhəri, 09.12.2022</td><td></td></tr></tbody></table><figcaption class="wp-element-caption">BOKT &#8220;Qafqaz-Kredit&#8221; MMC-nin məsul şəxsi &#8220;Azərbaycan Mikromaliyyə Assosiasiyası&#8221;nın (AMFA) 08 dekabr 2022-ci il tarixdə keçirilən illik Ümumi Yığıncağında (ÜY) iştirak edib. ÜY-da AMFA tərəfindən ailə kəndli təsərrüfatlarının (AKT) qeydiyyata alınmasında Azərbaycan Respublikası Kənd Təsərrüfatı Nazirliyi (KTN) ilə danışıqlar aparıldığı,</figcaption></figure>



<div class="wp-block-buttons is-content-justification-right is-layout-flex wp-container-core-buttons-is-layout-86a8208c wp-block-buttons-is-layout-flex">
<div class="wp-block-button is-style-outline is-style-outline--1"><a class="wp-block-button__link has-luminous-vivid-orange-color has-cyan-bluish-gray-background-color has-text-color has-background wp-element-button" href="https://qafqazkredit.az/en/ail%c9%99-k%c9%99ndli-t%c9%99s%c9%99rrufatinin-ucotu/">Read more</a></div>
</div>

<p>AKT-lərin qeydiyyatında irəliləyiş Bakı şəhəri, 09.12.2022 BOKT &#8220;Qafqaz-Kredit&#8221; MMC-nin məsul şəxsi &#8220;Azərbaycan Mikromaliyyə Assosiasiyası&#8221;nın (AMFA) 08 dekabr 2022-ci il tarixdə keçirilən illik Ümumi Yığıncağında (ÜY) iştirak edib. ÜY-da AMFA tərəfindən ailə kəndli təsərrüfatlarının (AKT) qeydiyyata alınmasında Azərbaycan Respublikası Kənd Təsərrüfatı Nazirliyi (KTN) ilə danışıqlar aparıldığı,</p>
